r when 16 is divided by r.
1
Let j(m) = -m + 9. Let l(y) = y**3 + 5*y**2 - 5*y + 6. Let q be l(-6). Let n(c) = -c**3 - 6*c**2 + 5. What is the remainder when j(q) is divided by n(-6)?
4
Let d(f) = -8*f - 58. Let j = 54 + -32. Calculate the remainder when d(-18) is divided by j.
20
Let k(w) = -w**3 + 6*w**2 + 19*w - 1. Calculate the remainder when k(8) is divided by 6.
5
Let j(b) be the second derivative of -b**3/2 + b**2/2 - b. Let h be j(-2). Calculate the remainder when (-2)/7 + 163/h is divided by 8.
7
Suppose -5*o = 2*g - 93, 1 = 2*o - 5*g - 13. What is the remainder when -2*(51/(-2) + 1) is divided by o?
15
Let c(q) = q - 6. Let g be c(9). What is the remainder when -2 - g*30/(-9) is divided by 3?
2
Let o(h) = 2 - 10 - 3*h**3 + 6*h**2 + 10*h + 2*h**3. What is the remainder when o(7) is divided by 7?
6
Let n(g) = 2*g + 1. Suppose 2*d - r = -0*d + 11, 0 = -2*r + 10. What is the remainder when d is divided by n(1)?
2
Let y(d) = 7 + 5*d - d + 0*d - 2*d. Let b be y(8). Suppose -3*c + 40 = -b. What is the remainder when c is divided by 8?
5
Let c(u) = u**3 - u**2 - u + 2. Suppose 0*r - 4*r + 12 = 0. Suppose 0 = -r*k + 1 + 5. Calculate the remainder when k is divided by c(0).
0
Let d(o) = -o**3 + 7*o**2 + 4*o. Calculate the remainder when 82 is divided by d(7).
26
Let t be 14/(-2) + (-5 - -4). Let h = t - -13. Suppose -h*y + 35 = -0*y. Calculate the remainder when y is divided by 4.
3
Suppose -41 = -2*x + h, -3*x + 5*h - 16 + 67 = 0. Let g = -11 - -4. Let p = x + g. Calculate the remainder when 27 is divided by p.
12
Suppose 2*d = w - 3*w + 94, -5*d + 215 = -5*w. What is the remainder when d is divided by 12?
9
Let k(r) = 21*r**3 - r**2 + 3*r. Let y be k(2). Suppose 5*l + 0*l = y. What is the remainder when l is divided by 9?
7
Let p be 3/(-6) + 22/4. Let k(h) = -h**2 + 6*h + 5. What is the remainder when 19 is divided by k(p)?
9
Calculate the remainder when 7 is divided by -3*(-2)/(-1 - -3).
1
Let s(v) = v**3 + 4*v**2 + 3*v + 2. Let l be s(-3). Let r be (34 + 2)*-1 - l. What is the remainder when 16 is divided by r/(-6) + 4/(-12)?
4
Suppose -3*l = l - 56. Suppose -5*s + 510 = 3*d, -s + 4*s + 2*d - 305 = 0. Suppose -1 = 4*z - s. What is the remainder when z is divided by l?
12
Let p = -54 + 67. What is the remainder when p is divided by 5?
3
Let z(j) = -j**2 - j + 1 - 3 + 0*j**3 + 0*j**2 + j**3. Calculate the remainder when 37 is divided by z(3).
11
Let x be -4 - (3 + (2 - 13)). What is the remainder when (2 + -14)*(-23)/x is divided by 24?
21
Let i = -32 + 35. What is the remainder when i is divided by 2?
1
Let b(p) = 2*p**2 - 3*p - 1. Suppose 2*m - 4*y + 160 = 0, -5*m + 4*m - 4*y - 68 = 0. Let q = 113 + m. What is the remainder when q is divided by b(-2)?
11
Let h = 29 - -84. Let i = -26 + h. What is the remainder when i is divided by 22?
21
Suppose -4*u + 48 = -400. Suppose z + 3*z - 3*a - u = 0, 0 = -5*z + a + 129. Calculate the remainder when z is divided by ((-54)/(-12))/((-3)/(-6)).
7
Suppose 6*t = 15*t - 1476. What is the remainder when t is divided by 55?
54
Let r(q) = -18*q + 15. Calculate the remainder when r(-3) is divided by 18.
15
Let c = 5 - 0. Suppose 4*m = -k + 111, 3*k - 2 = c*k. Calculate the remainder when m is divided by 15.
13
Suppose 30 = 5*h - 5. What is the remainder when -1 + (-21)/(-1) + -2 is divided by h?
4
Let c(h) = h**2 - 2*h - 6. Calculate the remainder when c(4) is divided by 2/(-3) - (-10)/6.
0
What is the remainder when 29 is divided by 4/22 - (-128)/22?
5
Let h be (-4)/10 - (-12)/5. Let d be ((-8)/(-20))/(h/(-10)). Let y(a) = 10*a**2 + 4*a + 2. Calculate the remainder when y(d) is divided by 12.
10
Let d be 16/2 - (0 - -3). What is the remainder when ((-126)/(-15))/2*d is divided by 12?
9
Calculate the remainder when 0/((-6)/(-2)) - -13 is divided by 4.
1
Let y(g) = 8*g**2 + 3*g + 2. Suppose -2*z + 0*z - 93 = 3*s, 0 = -4*s - 4*z - 120. Let u = -23 - s. What is the remainder when y(-2) is divided by u?
8
What is the remainder when 83 is divided by 14 - (5 - 5)/(-2)?
13
Let w(j) = j**3 + 8*j**2 + 2*j - 7. Calculate the remainder when w(-6) is divided by 63/12*(-16)/(-6).
11
Let z(m) = m + 11. What is the remainder when 19 is divided by z(-6)?
4
Suppose -y - 27 = -4*y. Suppose 0 = 5*r - y - 6. Suppose r*o + 15 = 2*x, 48 = 5*x + 3*o - 0*o. What is the remainder when 17 is divided by x?
8
Let u be 2/(-4)*0/(-1). Suppose q - 5*v = -11, v = 3*q - u*q - 9. What is the remainder when 7 is divided by q?
3
Let v(i) = i**2 + 4*i**2 + 2 + 3*i - 7*i**2 - i**3. Let p be v(-3). Suppose p*b = b + 18. Calculate the remainder when b is divided by 10.
8
Let i = -21 - -52. Suppose 0 = -2*v + v + i. Calculate the remainder when v is divided by 16.
15
Let p be (16/12)/((-1)/3). Let k be 1 + -1 + (p - -3). What is the remainder when 32 is divided by ((-9)/2 + k)*-2?
10
Let n(b) = 2*b**2 + 7*b - 2. Let m(w) = 14*w**2 + 3*w + 1. What is the remainder when m(-2) is divided by n(-5)?
12
Let a(l) = -2*l + 7. Let h(n) = 4*n + 70. Calculate the remainder when a(-5) is divided by h(-15).
7
Suppose -3*s - 4 = -p, -5*s + 0*s - 1 = 4*p. Calculate the remainder when 5 is divided by p + 3/((-9)/(-6)).
2
Suppose -s = s - 62. What is the remainder when 123 is divided by s?
30
Suppose -4*g + 21 = -3*g. Suppose 2*p - 10 = -4. Suppose p*q = 3 + 15. Calculate the remainder when g is divided by q.
3
Suppose 3*w = 13 + 5. Suppose 12 = w*o - 2*o. Suppose o*c + 39 = 6*c. What is the remainder when c is divided by 5?
3
Let i be (1 + -1)/((-3)/3). Let a be (12/(-16))/((-3)/12). Suppose i = a*r - 6*r + 12. What is the remainder when 11 is divided by r?
3
Suppose 7*p - 210 = p. Calculate the remainder when p is divided by 19.
16
Let k = 46 + -25. What is the remainder when 39 is divided by k?
18
Let k(a) = 23*a**2. Calculate the remainder when 91 is divided by k(-1).
22
Let j = 53 + 26. Let s(z) = -z**3 - 6*z**2 + 10*z - 7. Calculate the remainder when j is divided by s(-8).
38
Suppose 5*x + 265 = 25. Let s = 93 + x. Calculate the remainder when s is divided by 12.
9
Suppose -17 + 2 = -3*m. Calculate the remainder when 35 is divided by (19/m - 2)*5.
8
Let h be (2*-1)/(4/38). Let d = -10 - h. Suppose -4*f + 5*f = d. Calculate the remainder when 25 is divided by f.
7
Let b(p) = 3*p**3 - 3*p**2 + 3. What is the remainder when 69 is divided by b(2)?
9
Calculate the remainder when 24 is divided by 480/36 - (-2)/3.
10
Suppose -22 = -3*v + 4*v. Let o = v + 49. Calculate the remainder when 80 is divided by o.
26
Let c = -13 + 21. Suppose 2*b + 3*t - 12 = 0, -2*t + 0 = -5*b - 8. Suppose b = 2*o - o - 15. Calculate the remainder when o is divided by c.
7
Let n(h) = -h**2 + 3*h + 8. Let j be n(-6). Calculate the remainder when 89 is divided by (-3)/6*1*j.
20
Suppose 0 = -4*s + b + 13, -s = -3*s - 3*b - 11. Suppose -s*i + 18 - 2 = n, 46 = 4*n + 2*i. What is the remainder when 16 is divided by n?
6
Suppose -2*p - 2*p - 16 = 0, 4*z = -p + 60. What is the remainder when z is divided by 9?
7
Let b(j) = 2*j + 44. Calculate the remainder when 88 is divided by b(-13).
16
Suppose 14 = 3*a + 56. Let y = a + 20. Suppose -3*g = y, 3*x - 4*g - 59 = -0*x. What is the remainder when 32 is divided by x?
15
Let u = -18 + 27. Let j = 161 + -135. What is the remainder when j is divided by u?
8
Suppose 0 = c + 41 - 61. What is the remainder when 59 is divided by c?
19
Suppose 5*p - 12 = i, -2*i + 7*i = 5*p. Let m(j) = 3*j**3 + j - 3*j**3 + j**3 - 2*j**2. What is the remainder when 22 is divided by m(i)?
10
Suppose 3*f = -0*f + 45. Let b be (f/(-2))/((-12)/128). Suppose -60 = -5*v + b. Calculate the remainder when v is divided by 10.
8
Let x be 1/3 + 873/(-27). Let l = x + 55. What is the remainder when l is divided by 12?
11
Suppose -56 + 2 = 3*b - 5*f, -2*b = f + 36. Suppose 5*k - 8 - 12 = 0. What is the remainder when 1/((-3)/b) + 0 is divided by k?
2
Let y = 52 + -46. What is the remainder when 9 is divided by y?
3
Let b be -5*(2 + -3 + 0). Let h be b*(0 - (-108)/15). Suppose -3*q - 4*c + h = -q, -q - 4*c = -28. Calculate the remainder when 23 is divided by q.
7
Let x(t) = -t**3 + 5*t**2 - 3*t - 1. Let d be x(4). What is the remainder when 58 is divided by -1*(d + -4) + 14?
13
Suppose 5*w - v + 5*v = 26, 4*v = -4*w + 24. Let y be 240/9*(-3)/(-2). Suppose 7*t - y = w*t. Calculate th